 - 3/j. Let n = -10 + s. What is z(n)?
-3
Let v(q) = -7 + 2*q + q**3 + 0*q + 0*q**3 - 13*q**2 + 0*q**2. Let i be v(13). Let c = i + -13. Let r(l) = -l**2 + 8*l - 5. What is r(c)?
7
Let h(s) = -3*s - 17 + 39 + 2*s - 18. Let k(c) = -1. Let u(w) = h(w) + 4*k(w). Determine u(7).
-7
Suppose 0 = 3*q + 2 + 1. Let z(p) be the first derivative of 0*p - 1/2*p**2 - 7/3*p**3 + 1. Determine z(q).
-6
Let o = 14 + -20. Let m(a) = 7*a**2 + 10*a - 6. Let t(r) = -2*r**2 + 2 - 9*r + 3 - 4*r**2. Let q(k) = -5*m(k) - 6*t(k). Give q(o).
12
Let a(c) = -2*c - 3. Let t = 593 - 589. What is a(t)?
-11
Let f(x) be the second derivative of -x**5/20 - 7*x**4/12 + 4*x**2 - 4*x. Determine f(-6).
-28
Let o(b) = -b**2 + 5*b + 14. Suppose 3*w - 5*i = 36, 3*i + i = -12. What is o(w)?
0
Suppose -4*x - 4*o = -100, -5*o + 135 - 34 = 4*x. Let m = x + -20. Let h(a) = -2*a + 1. What is h(m)?
-7
Let g(r) = r - 6. Let d be 0 + -1 - -4 - (3 - 5). Suppose -w + 4*m - d = -17, -2*w + 9 = -3*m. Calculate g(w).
-6
Let d(y) = 10*y**3 + 2*y**2 - 1. Suppose -4*h + 20 = 0, 4*b - 19 = 5*h - 8*h. Give d(b).
11
Let n be (-32)/12*3/4*-2. Let j(x) = -3*x**2 + 3*x - 3. Determine j(n).
-39
Let r = 34 - 34. Let w(y) = -y**3 - y**2 - y - 7. Give w(r).
-7
Let a(x) be the third derivative of -x**8/20160 - x**7/2520 + x**6/144 - 4*x**5/15 + 17*x**2. Let n(k) be the third derivative of a(k). What is n(-4)?
-3
Let a(h) = -10 + 3*h**3 - 5*h**2 - 4*h**3 + 4*h**2. Let z(n) = n + 9. Let r be z(-5). Let k be (r - 0) + (-2 - (-3 + 5)). Calculate a(k).
-10
Let h(s) = 7*s - 1. Let r(j) = j**2 - 20*j - 28. Let m be r(21). Determine h(m).
-50
Suppose -3*w + t = -t - 34, 3*t + 15 = 0. Let h = w - 12. Let i(q) = -q - 1. Calculate i(h).
3
Let l(c) be the first derivative of -c**4/4 + c**3 + 3*c**2 - 6*c + 523. Determine l(5).
-26
Let h(l) = -2*l**2 - 3*l - 1. Let v(p) be the second derivative of 0 - 2*p + 1/6*p**3 - 1/2*p**2 - 1/12*p**4. Let b(r) = h(r) - 3*v(r). Determine b(3).
-7
Let m(x) be the third derivative of -x**4/2 - 17*x**3/6 - 219*x**2. Calculate m(-2).
7
Let b(l) = 5*l - 27. Let w be b(6). Let o(q) = -2*q**2 - 4*q + 1. Calculate o(w).
-29
Let u(c) = 2*c**3 - 3*c**2 + 2*c - 4. Let h(k) = k**2 - k + 1. Let q(s) = -3*h(s) - u(s). Determine q(-2).
15
Suppose 2*g = -g + 18. Let z = 3 - g. Let b(n) = 4 - 3*n**2 + n**2 + 3*n + 2*n**2 + n**3 + 3*n**2. Calculate b(z).
-5
Suppose -34*r + 180 = -64*r. Let h(o) = -o**2 - 11*o - 8. What is h(r)?
22
Suppose 0 = 2*n + 5*a + 22, n + 2*n - a = 1. Let z(f) = -9*f + 3. What is z(n)?
12
Let h(l) be the first derivative of l**3/3 + l**2 - l + 32. Let s = 3 - 2. Suppose -o + s + 0 = 0. Give h(o).
2
Let w(s) be the third derivative of s**4/8 - 2*s**3/3 - 12*s**2. Give w(3).
5
Let z(a) be the third derivative of a**5/60 - a**4/4 + a**3/2 + 61*a**2 - a. Give z(4).
-5
Let b(f) = 9*f - f**2 - 1 + 3 - 10*f + 1. Give b(-4).
-9
Suppose -2620 = 4*h - 4*z, h + 639 = -0*z - 3*z. Let d be (-4)/26 - (4 + h/91). Let q(v) = v**2 - 2*v + 2. What is q(d)?
5
Let h(k) be the second derivative of k**6/720 - k**5/120 + 17*k**4/12 + 31*k. Let p(w) be the third derivative of h(w). Give p(2).
1
Let d(x) = 68*x - 538. Let a be d(8). Let c(j) = 11*j - 61. What is c(a)?
5
Suppose -280*i = -286*i + 78. Let m(t) = t**3 - 14*t**2 + 9*t. Calculate m(i).
-52
Suppose 12 = -t - 3*k, 31*t - 32*t - 4*k - 14 = 0. Let v(o) = 3*o + 6. What is v(t)?
-12
Let r(l) = -2*l + 13. Let t be 1*-15*(-4)/6. Let j be r(t). Let p(z) = 0 + z**2 + 3*z + 0 + 3*z - 7. What is p(j)?
0
Let o = 2 + -2. Let k be 0 + 10*14/4 - 2. Suppose -u - k + 35 = o. Let i(a) = a**3 - 2*a**2 + 2*a. Give i(u).
4
Let p(t) = -t**3 + 3*t + 4. Let y(g) = 3*g**3 + g**2 - 10*g - 12. Let d(u) = 11*p(u) + 4*y(u). What is d(-5)?
6
Let j = -55 - -24. Let o = j - -25. Let l(k) = -k**2 - 6*k + 7. What is l(o)?
7
Let x = 6 + -1. Let a(s) = 2*s + 4. Let f be a(x). Suppose 3*y + f + 4 = 0. Let p(i) = i + 1. Determine p(y).
-5
Let l(t) = -2*t + 4. Let c = 13 - 11. Let z be 21/9 - c/6. Suppose -4*p + 3*m + 30 = 0, 3*m = 4*m + z. Give l(p).
-8
Let a(j) = -j - 3. Suppose 0 = -5*w + z + 19, 3*z + 10 = 3*w + z. Let m be w/(-1) - 122/2. Let s be (6/10)/((-13)/m). Calculate a(s).
-6
Let w(m) = -m**2 - 12*m. Let r be w(-12). Let j(k) = k**3 - 4*k**2 - 2*k**3 + 632 - 630 - k + 3*k**2. Calculate j(r).
2
Let u(c) = 2*c. Suppose s - 250 = 6*s. Let f = s + 49. Give u(f).
-2
Let m = -34 - -40. Suppose m = -8*f + 14. Let j(q) = -1 - 4*q + 2 + 0. What is j(f)?
-3
Let s = -60 - -70. Suppose f = -4*b + 9*b + s, 4*f + 5 = 5*b. Let m(z) = -3*z - 2. Give m(b).
7
Let q(h) = h**3 - 2*h**2 + 2. Let v(l) = -l**2 + 10*l + 175. Let k be v(-9). What is q(k)?
34
Let w(c) = -14*c**2 + 44. Let p(a) = -3*a**2 + 11. Let z(k) = -9*p(k) + 2*w(k). Calculate z(0).
-11
Let r = 26 - 18. Let n(o) = -3*o**2 + 2*o**2 - o**2 + 3*o**2 + r*o + 1. Determine n(-5).
-14
Let p(n) = -n + 4. Let i(y) = y - 9. Let f be i(11). Suppose f*q - o + 10 = q, 0 = o + 3. Let v be (-8)/(-52) + (-102)/q. Give p(v).
-4
Let x(y) = -5*y + 1. Let i(s) be the first derivative of s**3/3 - 7*s**2/2 + 6*s - 10. Let u(l) be the first derivative of i(l). Let f be u(3). Give x(f).
6
Let u = -36 + 38. Let d(z) = 49*z**2 - 24*z**2 - 24*z**2 - 4*z - 10 - u*z. What is d(8)?
6
Let n(j) = -j. Let g = 39 - 59. Let d(y) = -y**3 - 21*y**2 - 19*y + 22. Let f be d(g). Give n(f).
-2
Let t(s) = -376*s**2 + 6 + 11 + 377*s**2 + 17 + 22*s. What is t(-20)?
-6
Let l(c) = c**2 + 10*c + 8. Suppose 0 = 4*o + 4*s + 12, -5*o + 3*s - 24 - 31 = 0. Calculate l(o).
-8
Let j(g) be the second derivative of -g**3 - 2*g**2 + 123*g. Give j(1).
-10
Let z(l) = l**2 - 6*l - 9. Let k(r) = 2*r**2 - 13*r - 18. Let s(u) = 6*k(u) - 14*z(u). Let a(o) be the first derivative of s(o). Determine a(4).
-10
Let w(j) be the first derivative of j**5/60 + j**4/8 - 7*j**3/6 + 3*j**2 - 14. Let q(z) be the second derivative of w(z). What is q(-6)?
11
Suppose 0 = -5*y + b - 4, 0 = -2*b + 2 - 4. Let x(w) be the first derivative of 1/2*w**4 + w - 9 + 0*w**2 - 2/3*w**3. What is x(y)?
-3
Let f(y) = -11*y**2 - 11*y + 17. Let w(s) = 5*s**2 + 5*s - 9. Let u(m) = 6*f(m) + 13*w(m). Suppose 18*v + 37*v = 0. Give u(v).
-15
Let x(b) = b**2 - 8*b + 5. Let i(n) = -2*n**2 - 7*n + 1. Let c be i(-6). Let p = 35 + c. What is x(p)?
-7
Let z = 36 - 23. Let u(f) = -5*f - 3*f**3 + 4*f**3 - 4*f**2 + z - 2*f - 6. Calculate u(5).
-3
Let g(u) = 17*u + 13 + 10*u - 25*u. Calculate g(-7).
-1
Let m(k) = -7 + 0 - k**2 - 1. Let h(v) = 8 + 4*v - 4*v - 2*v. Let c be h(4). What is m(c)?
-8
Let o(y) = -y**3 - 9*y**2 + 12*y + 13. Let x be (-3)/(-4) - 5375/500. Determine o(x).
-7
Let h(y) = 12*y**2 - y - 1. Let q = 21 + -17. Suppose -p + q*p = -3. Give h(p).
12
Let t(k) be the second derivative of k**7/2520 - k**6/720 + 3*k**4/2 + 11*k. Let d(h) be the third derivative of t(h). Let v = -4 - -6. Calculate d(v).
2
Let k(j) = -4*j + 2. Let h be 3/18*8*3. Let m(r) = -6 + h + 1 + 2*r. Let s(c) = 2*k(c) + 5*m(c). Give s(1).
1
Let h = -3 - -7. Let o(y) = y**3 - 5*y**2 + 3*y + 1. Let z be o(h). Let m(p) be the second derivative of p**4/12 + p**2/2 + 132*p - 1. What is m(z)?
10
Let c(m) = 2*m**2 - 1 + 390*m - 390*m. Suppose 9*i - 3 = 4*i + x, 5*i + 4*x - 13 = 0. Give c(i).
1
Suppose a + 3*c - 3 = 2, -14 = 5*a + 2*c. Let w = a - -10. Let f(l) = -6*l + 7. Let t(n) = -5*n + 7. Let m(b) = 3*f(b) - 4*t(b). Calculate m(w).
5
Let r(l) = 3*l + 4669 - 4669 - 5*l + 6*l. Let q = -6 - -11. Determine r(q).
20
Suppose -6*q + 79 - 109 = 0. Let b(v) = v**2 + v - 2. Determine b(q).
18
Let z(w) = -2*w + 1. Suppose 7*t + 6 = 9*t. Suppose 5*f = 18 - t, 4*f - 2 = -5*a. Determine z(a).
5
Suppose -3*r - 6 = 0, -4*j - r - 2*r - 38 = 0. Let g(d) = -d**2 - 4*d + 35. Let i be g(j). Let s(h) = h**2 - 2*h. Determine s(i).
3
Let l(n) = -n**3 - 4*n**2 + 2. Suppose 5*w + 2*f - 2 - 18 = 0, 0 = w - f - 4. Let i = -1353 - -1353. Suppose -w = z - i*z. Determine l(z).
2
Let u(p) be the first derivative of p**4/4 + 14*p**3/3 - 7*p**2 - 7*p - 232. What is u(-15)?
-22
Let a(y) = 4*y**2 - 3*y - 1. Suppose 0 = 7*i - 23*i + 48. Give a(i).
26
Let l(r) = -2*r**2 + r + 2. Suppose 5*n + 7 = -g + 1, -5*n = -3*g + 22. Give l(n).
-8
Let f(k) = k**2 + 5*k - 3. Let v(x) = -x**2 - 3*x + 2. Let d(p) = -3*f(p) - 4*v(p). Determine d(6).
19
Suppose 0 = -5*v - 30. Let y = v - -11. Let t(x) = -